{"id":4900,"date":"2023-04-24T13:11:35","date_gmt":"2023-04-24T16:11:35","guid":{"rendered":"https:\/\/ppee.unb.br\/?page_id=4900"},"modified":"2026-03-25T09:59:03","modified_gmt":"2026-03-25T12:59:03","slug":"listas-de-oferta-2","status":"publish","type":"page","link":"https:\/\/ppee.unb.br\/?page_id=4900","title":{"rendered":"Stricto Sensu"},"content":{"rendered":"\t\t<div data-elementor-type=\"wp-page\" data-elementor-id=\"4900\" class=\"elementor elementor-4900\" data-elementor-post-type=\"page\">\n\t\t\t\t\t\t\t<div class=\"elementor-element elementor-element-a37d639 e-flex e-con-boxed e-con\" data-id=\"a37d639\" data-element_type=\"container\" data-settings=\"{&quot;content_width&quot;:&quot;boxed&quot;}\">\n\t\t\t\t\t<div class=\"e-con-inner\">\n\t\t\t\t\t<\/div>\n\t\t\t\t<\/div>\n\t\t<div class=\"elementor-element elementor-element-ed20407 e-flex e-con-boxed e-con\" data-id=\"ed20407\" data-element_type=\"container\" data-settings=\"{&quot;content_width&quot;:&quot;boxed&quot;}\">\n\t\t\t\t\t<div class=\"e-con-inner\">\n\t\t\t\t<div class=\"elementor-element elementor-element-50ca0eb elementor-widget elementor-widget-heading\" data-id=\"50ca0eb\" data-element_type=\"widget\" data-widget_type=\"heading.default\">\n\t\t\t\t<div class=\"elementor-widget-container\">\n\t\t\t<style>\/*! elementor - v3.14.0 - 26-06-2023 *\/\n.elementor-heading-title{padding:0;margin:0;line-height:1}.elementor-widget-heading .elementor-heading-title[class*=elementor-size-]>a{color:inherit;font-size:inherit;line-height:inherit}.elementor-widget-heading .elementor-heading-title.elementor-size-small{font-size:15px}.elementor-widget-heading .elementor-heading-title.elementor-size-medium{font-size:19px}.elementor-widget-heading .elementor-heading-title.elementor-size-large{font-size:29px}.elementor-widget-heading .elementor-heading-title.elementor-size-xl{font-size:39px}.elementor-widget-heading .elementor-heading-title.elementor-size-xxl{font-size:59px}<\/style><h2 class=\"elementor-heading-title elementor-size-default\">Lista de Oferta 2026\/1<\/h2>\t\t<\/div>\n\t\t\t\t<\/div>\n\t\t\t\t\t<\/div>\n\t\t\t\t<\/div>\n\t\t<div class=\"elementor-element elementor-element-871faef e-flex e-con-boxed e-con\" data-id=\"871faef\" data-element_type=\"container\" data-settings=\"{&quot;content_width&quot;:&quot;boxed&quot;}\">\n\t\t\t\t\t<div class=\"e-con-inner\">\n\t\t\t\t<div class=\"elementor-element elementor-element-cc90572 elementor-widget elementor-widget-text-editor\" data-id=\"cc90572\" data-element_type=\"widget\" data-widget_type=\"text-editor.default\">\n\t\t\t\t<div class=\"elementor-widget-container\">\n\t\t\t<style>\/*! elementor - v3.14.0 - 26-06-2023 *\/\n.elementor-widget-text-editor.elementor-drop-cap-view-stacked .elementor-drop-cap{background-color:#69727d;color:#fff}.elementor-widget-text-editor.elementor-drop-cap-view-framed .elementor-drop-cap{color:#69727d;border:3px solid;background-color:transparent}.elementor-widget-text-editor:not(.elementor-drop-cap-view-default) .elementor-drop-cap{margin-top:8px}.elementor-widget-text-editor:not(.elementor-drop-cap-view-default) .elementor-drop-cap-letter{width:1em;height:1em}.elementor-widget-text-editor .elementor-drop-cap{float:left;text-align:center;line-height:1;font-size:50px}.elementor-widget-text-editor .elementor-drop-cap-letter{display:inline-block}<\/style>\t\t\t\t<p>Clique na imagem correspondente \u00e0 sua turma para visualizar a lista de ofertas e demais informa\u00e7\u00f5es.<\/p>\t\t\t\t\t\t<\/div>\n\t\t\t\t<\/div>\n\t\t\t\t\t<\/div>\n\t\t\t\t<\/div>\n\t\t<div class=\"elementor-element elementor-element-680e436 e-flex e-con-boxed e-con\" data-id=\"680e436\" data-element_type=\"container\" data-settings=\"{&quot;content_width&quot;:&quot;boxed&quot;}\">\n\t\t\t\t\t<div class=\"e-con-inner\">\n\t\t<div class=\"elementor-element elementor-element-91f4e56 e-con-full e-flex e-con\" data-id=\"91f4e56\" data-element_type=\"container\" data-settings=\"{&quot;content_width&quot;:&quot;full&quot;}\">\n\t\t\t\t<div class=\"elementor-element elementor-element-40ea448 elementor-widget elementor-widget-image\" data-id=\"40ea448\" data-element_type=\"widget\" data-widget_type=\"image.default\">\n\t\t\t\t<div class=\"elementor-widget-container\">\n\t\t\t<style>\/*! elementor - v3.14.0 - 26-06-2023 *\/\n.elementor-widget-image{text-align:center}.elementor-widget-image a{display:inline-block}.elementor-widget-image a img[src$=\".svg\"]{width:48px}.elementor-widget-image img{vertical-align:middle;display:inline-block}<\/style>\t\t\t\t\t\t\t\t\t\t\t\t\t<a href=\"https:\/\/ppee.unb.br\/wp-content\/uploads\/2026\/02\/regular.pdf\" target=\"_blank\">\n\t\t\t\t\t\t\t<img decoding=\"async\" width=\"800\" height=\"276\" src=\"https:\/\/ppee.unb.br\/wp-content\/uploads\/2023\/06\/PPEE.png\" class=\"attachment-large size-large wp-image-15979\" alt=\"\" loading=\"lazy\" srcset=\"https:\/\/ppee.unb.br\/wp-content\/uploads\/2023\/06\/PPEE.png 858w, https:\/\/ppee.unb.br\/wp-content\/uploads\/2023\/06\/PPEE-300x103.png 300w, https:\/\/ppee.unb.br\/wp-content\/uploads\/2023\/06\/PPEE-768x265.png 768w\" sizes=\"(max-width: 800px) 100vw, 800px\" \/>\t\t\t\t\t\t\t\t<\/a>\n\t\t\t\t\t\t\t\t\t\t\t\t\t\t\t<\/div>\n\t\t\t\t<\/div>\n\t\t\t\t<\/div>\n\t\t<div class=\"elementor-element elementor-element-207c75b e-con-full e-flex e-con\" data-id=\"207c75b\" data-element_type=\"container\" data-settings=\"{&quot;content_width&quot;:&quot;full&quot;}\">\n\t\t\t\t<div class=\"elementor-element elementor-element-d72d7d9 elementor-widget elementor-widget-image\" data-id=\"d72d7d9\" data-element_type=\"widget\" data-widget_type=\"image.default\">\n\t\t\t\t<div class=\"elementor-widget-container\">\n\t\t\t\t\t\t\t\t\t\t\t\t\t\t\t\t<a href=\"https:\/\/ppee.unb.br\/wp-content\/uploads\/2026\/02\/unb.pdf\" target=\"_blank\">\n\t\t\t\t\t\t\t<img decoding=\"async\" width=\"157\" height=\"55\" src=\"https:\/\/ppee.unb.br\/wp-content\/uploads\/2025\/08\/Captura-de-tela-2025-08-15-170719.png\" class=\"attachment-large size-large wp-image-15662\" alt=\"\" loading=\"lazy\" \/>\t\t\t\t\t\t\t\t<\/a>\n\t\t\t\t\t\t\t\t\t\t\t\t\t\t\t<\/div>\n\t\t\t\t<\/div>\n\t\t\t\t<\/div>\n\t\t<div class=\"elementor-element elementor-element-0b6d617 e-con-full e-flex e-con\" data-id=\"0b6d617\" data-element_type=\"container\" data-settings=\"{&quot;content_width&quot;:&quot;full&quot;}\">\n\t\t\t\t<div class=\"elementor-element elementor-element-9ee5c6f elementor-widget elementor-widget-image\" data-id=\"9ee5c6f\" data-element_type=\"widget\" data-widget_type=\"image.default\">\n\t\t\t\t<div class=\"elementor-widget-container\">\n\t\t\t\t\t\t\t\t\t\t\t\t\t\t\t\t<a href=\"https:\/\/ppee.unb.br\/wp-content\/uploads\/2026\/01\/Lista-de-oferta-MJSP.pdf\" target=\"_blank\">\n\t\t\t\t\t\t\t<img decoding=\"async\" width=\"128\" height=\"52\" src=\"https:\/\/ppee.unb.br\/wp-content\/uploads\/2025\/08\/Captura-de-tela-2025-08-15-170143.png\" class=\"attachment-large size-large wp-image-15660\" alt=\"\" loading=\"lazy\" \/>\t\t\t\t\t\t\t\t<\/a>\n\t\t\t\t\t\t\t\t\t\t\t\t\t\t\t<\/div>\n\t\t\t\t<\/div>\n\t\t\t\t<\/div>\n\t\t<div class=\"elementor-element elementor-element-0895f84 e-con-full e-flex e-con\" data-id=\"0895f84\" data-element_type=\"container\" data-settings=\"{&quot;content_width&quot;:&quot;full&quot;}\">\n\t\t\t\t<div class=\"elementor-element elementor-element-9574ee5 elementor-widget elementor-widget-image\" data-id=\"9574ee5\" data-element_type=\"widget\" data-widget_type=\"image.default\">\n\t\t\t\t<div class=\"elementor-widget-container\">\n\t\t\t\t\t\t\t\t\t\t\t\t\t\t\t\t<a href=\"https:\/\/ppee.unb.br\/wp-content\/uploads\/2026\/03\/TURMA-TRE-DF-E-TSE.pdf\" target=\"_blank\">\n\t\t\t\t\t\t\t<img decoding=\"async\" width=\"124\" height=\"51\" src=\"https:\/\/ppee.unb.br\/wp-content\/uploads\/2025\/08\/Captura-de-tela-2025-08-15-170121.png\" class=\"attachment-large size-large wp-image-15661\" alt=\"\" loading=\"lazy\" \/>\t\t\t\t\t\t\t\t<\/a>\n\t\t\t\t\t\t\t\t\t\t\t\t\t\t\t<\/div>\n\t\t\t\t<\/div>\n\t\t\t\t<\/div>\n\t\t\t\t\t<\/div>\n\t\t\t\t<\/div>\n\t\t<div class=\"elementor-element elementor-element-aac37c6 e-flex e-con-boxed e-con\" data-id=\"aac37c6\" data-element_type=\"container\" data-settings=\"{&quot;content_width&quot;:&quot;boxed&quot;}\">\n\t\t\t\t\t<div class=\"e-con-inner\">\n\t\t\t\t<div class=\"elementor-element elementor-element-5037348 elementor-widget elementor-widget-heading\" data-id=\"5037348\" data-element_type=\"widget\" data-widget_type=\"heading.default\">\n\t\t\t\t<div class=\"elementor-widget-container\">\n\t\t\t<h2 class=\"elementor-heading-title elementor-size-default\">Mudan\u00e7a de sistema\u200b<\/h2>\t\t<\/div>\n\t\t\t\t<\/div>\n\t\t\t\t\t<\/div>\n\t\t\t\t<\/div>\n\t\t<div class=\"elementor-element elementor-element-afc7e4a e-flex e-con-boxed e-con\" data-id=\"afc7e4a\" data-element_type=\"container\" data-settings=\"{&quot;content_width&quot;:&quot;boxed&quot;}\">\n\t\t\t\t\t<div class=\"e-con-inner\">\n\t\t\t\t<div class=\"elementor-element elementor-element-8cef34e elementor-widget elementor-widget-text-editor\" data-id=\"8cef34e\" data-element_type=\"widget\" data-widget_type=\"text-editor.default\">\n\t\t\t\t<div class=\"elementor-widget-container\">\n\t\t\t\t\t\t\t<p>A partir de 2022\/2, a disponibilidade de disciplinas \u00e9 realizada por meio do <a href=\"https:\/\/autenticacao.unb.br\/sso-server\/login?service=https%3A%2F%2Fsig.unb.br%2Fsigaa%2Flogin%2Fcas\">Sistema Integrado de Gest\u00e3o de Atividades Acad\u00eamicas (SIGAA)<\/a>, onde os estudantes podem efetuar a matr\u00edcula de forma independente. A imagem abaixo auxiliar\u00e1 na identifica\u00e7\u00e3o dos dias e hor\u00e1rios de oferta:<\/p>\n<p><img decoding=\"async\" loading=\"lazy\" class=\"aligncenter wp-image-10815 size-large\" src=\"https:\/\/ppee.unb.br\/wp-content\/uploads\/2024\/07\/SIGAA_HORARIOS-1024x576.jpg\" alt=\"\" width=\"800\" height=\"450\" srcset=\"https:\/\/ppee.unb.br\/wp-content\/uploads\/2024\/07\/SIGAA_HORARIOS-1024x576.jpg 1024w, https:\/\/ppee.unb.br\/wp-content\/uploads\/2024\/07\/SIGAA_HORARIOS-300x169.jpg 300w, https:\/\/ppee.unb.br\/wp-content\/uploads\/2024\/07\/SIGAA_HORARIOS-768x432.jpg 768w, https:\/\/ppee.unb.br\/wp-content\/uploads\/2024\/07\/SIGAA_HORARIOS.jpg 1280w\" sizes=\"(max-width: 800px) 100vw, 800px\" \/><\/p>\n<p>\u00a0<\/p>\t\t\t\t\t\t<\/div>\n\t\t\t\t<\/div>\n\t\t\t\t<div class=\"elementor-element elementor-element-9a80108 elementor-widget elementor-widget-heading\" data-id=\"9a80108\" data-element_type=\"widget\" data-widget_type=\"heading.default\">\n\t\t\t\t<div class=\"elementor-widget-container\">\n\t\t\t<h2 class=\"elementor-heading-title elementor-size-default\">Matr\u00edcula de alunos de gradua\u00e7\u00e3o em disciplina de p\u00f3s-gradua\u00e7\u00e3o<\/h2>\t\t<\/div>\n\t\t\t\t<\/div>\n\t\t\t\t<div class=\"elementor-element elementor-element-be8a080 elementor-widget elementor-widget-text-editor\" data-id=\"be8a080\" data-element_type=\"widget\" data-widget_type=\"text-editor.default\">\n\t\t\t\t<div class=\"elementor-widget-container\">\n\t\t\t\t\t\t\t<p>INSTRU\u00c7\u00c3O CONJUNTA DO DECANATO DE ENSINO DE GRADUA\u00c7\u00c3O E DO DECANATO DE P\u00d3S-GRADUA\u00c7\u00c3O N. 1\/2020: <a href=\"https:\/\/ppee.unb.br\/wp-content\/uploads\/2024\/10\/instrucao_conjunta_01_2020.pdf\">Estabelece os procedimentos de matr\u00edcula e registro de estudantes regulares de gradua\u00e7\u00e3o em disciplinas de p\u00f3s-gradua\u00e7\u00e3o da Universidade de Bras\u00edlia<\/a><a href=\"https:\/\/ppee.unb.br\/wp-content\/uploads\/2020\/07\/Instrucao_5468866.html\" target=\"_blank\" rel=\"noreferrer noopener\">.<\/a>\u00a0<\/p>\t\t\t\t\t\t<\/div>\n\t\t\t\t<\/div>\n\t\t\t\t<div class=\"elementor-element elementor-element-9d47b69 elementor-widget elementor-widget-heading\" data-id=\"9d47b69\" data-element_type=\"widget\" data-widget_type=\"heading.default\">\n\t\t\t\t<div class=\"elementor-widget-container\">\n\t\t\t<h2 class=\"elementor-heading-title elementor-size-default\">Documentos Anteriores<\/h2>\t\t<\/div>\n\t\t\t\t<\/div>\n\t\t\t\t\t<\/div>\n\t\t\t\t<\/div>\n\t\t\t\t<section class=\"elementor-section elementor-top-section elementor-element elementor-element-78cedad1 elementor-section-boxed elementor-section-height-default elementor-section-height-default\" data-id=\"78cedad1\" data-element_type=\"section\">\n\t\t\t\t\t\t<div class=\"elementor-container elementor-column-gap-default\">\n\t\t\t\t\t<div class=\"elementor-column elementor-col-100 elementor-top-column elementor-element elementor-element-6286a9ee\" data-id=\"6286a9ee\" data-element_type=\"column\">\n\t\t\t<div class=\"elementor-widget-wrap elementor-element-populated\">\n\t\t\t\t\t\t\t\t<div class=\"elementor-element elementor-element-23d7a7d4 elementor-widget elementor-widget-text-editor\" data-id=\"23d7a7d4\" data-element_type=\"widget\" data-widget_type=\"text-editor.default\">\n\t\t\t\t<div class=\"elementor-widget-container\">\n\t\t\t\t\t\t\t<p><!-- wp:heading --><\/p>\n<p><a style=\"background-color: #ffffff; font-size: 1rem;\" href=\"https:\/\/ppee.unb.br\/wp-content\/uploads\/2026\/01\/Oferta-2025.2.pdf\">2025.2 Lista de Oferta<\/a><\/p>\n<p><a href=\"https:\/\/ppee.unb.br\/wp-content\/uploads\/2025\/03\/Cartaz-tabela-grade-de-horario-das-aulas-escolares-colorido-branco-1.pdf\">2025.1 Lista de Oferta<\/a><\/p>\n<p><a href=\"https:\/\/ppee.unb.br\/wp-content\/uploads\/2024\/12\/2024-2.pdf\">2024.2 Lista de Oferta<\/a><\/p>\n<p><a href=\"https:\/\/ppee.unb.br\/wp-content\/uploads\/2024\/12\/2024.1-Lista-de-Oferta.pdf\">2024.1 Lista de Oferta<\/a><\/p>\n<p><a href=\"https:\/\/ppee.unb.br\/wp-content\/uploads\/2024\/10\/2023-lista-de-oferta-3.pdf\">2023.2 Lista de Oferta<\/a><\/p>\n<p><!-- \/wp:heading --><!-- wp:paragraph --><!-- \/wp:paragraph --><!-- wp:paragraph --><!-- \/wp:paragraph --><!-- wp:paragraph --><\/p>\n<p><a href=\"https:\/\/ppee.unb.br\/wp-content\/uploads\/2024\/10\/e164648d-ff8e-42fb-9d70-150be1d9351c.pdf\">2023.1 Lista de Oferta <\/a><\/p>\n<p><!-- \/wp:paragraph --><!-- wp:paragraph --><\/p>\n<p><a href=\"https:\/\/ppee.unb.br\/wp-content\/uploads\/2024\/10\/2022.2-LISTA-DE-OFERTA.pdf\">2022.2 Lista de Oferta\u00a0<\/a><\/p>\n<p><!-- \/wp:paragraph --><!-- wp:paragraph --><\/p>\n<p><a href=\"https:\/\/ppee.unb.br\/wp-content\/uploads\/2024\/10\/2022.1-Lista-de-Oferta.pdf\">2022.1 Lista de Oferta\u00a0<\/a><\/p>\n<p><!-- \/wp:paragraph --><!-- wp:paragraph --><\/p>\n<p><a href=\"https:\/\/ppee.unb.br\/wp-content\/uploads\/2024\/10\/2021.2-Lista-de-Oferta.pdf\">2021.2 Lista de Oferta\u00a0<\/a><\/p>\n<p><!-- \/wp:paragraph --><!-- wp:paragraph --><\/p>\n<p><a href=\"https:\/\/ppee.unb.br\/wp-content\/uploads\/2024\/10\/2021.1-Lista-de-Oferta.pdf\">2021.1 Lista de Oferta<\/a><\/p>\n<p><!-- \/wp:paragraph --><!-- wp:paragraph --><\/p>\n<p><a href=\"https:\/\/ppee.unb.br\/wp-content\/uploads\/2024\/10\/2020.2-Lista-de-Oferta.pdf\">2020.2 Lista de Oferta <\/a><\/p>\n<p><a href=\"https:\/\/ppee.unb.br\/wp-content\/uploads\/2024\/10\/2020.1-Lista-de-Oferta.pdf\">2020.1 Lista de Oferta<\/a><\/p>\n<p><!-- \/wp:paragraph --><\/p>\t\t\t\t\t\t<\/div>\n\t\t\t\t<\/div>\n\t\t\t\t\t<\/div>\n\t\t<\/div>\n\t\t\t\t\t\t\t<\/div>\n\t\t<\/section>\n\t\t\t\t\t\t\t<\/div>\n\t\t","protected":false},"excerpt":{"rendered":"<p>Lista de Oferta 2026\/1 Clique na imagem correspondente \u00e0 sua turma para visualizar a lista de ofertas e demais informa\u00e7\u00f5es. Mudan\u00e7a de sistema\u200b A partir de 2022\/2, a disponibilidade de [&hellip;]<\/p>\n","protected":false},"author":3,"featured_media":0,"parent":5219,"menu_order":0,"comment_status":"closed","ping_status":"closed","template":"","meta":[],"_links":{"self":[{"href":"https:\/\/ppee.unb.br\/index.php?rest_route=\/wp\/v2\/pages\/4900"}],"collection":[{"href":"https:\/\/ppee.unb.br\/index.php?rest_route=\/wp\/v2\/pages"}],"about":[{"href":"https:\/\/ppee.unb.br\/index.php?rest_route=\/wp\/v2\/types\/page"}],"author":[{"embeddable":true,"href":"https:\/\/ppee.unb.br\/index.php?rest_route=\/wp\/v2\/users\/3"}],"replies":[{"embeddable":true,"href":"https:\/\/ppee.unb.br\/index.php?rest_route=%2Fwp%2Fv2%2Fcomments&post=4900"}],"version-history":[{"count":288,"href":"https:\/\/ppee.unb.br\/index.php?rest_route=\/wp\/v2\/pages\/4900\/revisions"}],"predecessor-version":[{"id":17712,"href":"https:\/\/ppee.unb.br\/index.php?rest_route=\/wp\/v2\/pages\/4900\/revisions\/17712"}],"up":[{"embeddable":true,"href":"https:\/\/ppee.unb.br\/index.php?rest_route=\/wp\/v2\/pages\/5219"}],"wp:attachment":[{"href":"https:\/\/ppee.unb.br\/index.php?rest_route=%2Fwp%2Fv2%2Fmedia&parent=4900"}],"curies":[{"name":"wp","href":"https:\/\/api.w.org\/{rel}","templated":true}]}}